 15?
0
-1252 (base 6) to base 12
-228
-53 (base 7) to base 6
-102
Convert 82 (base 12) to base 2.
1100010
Convert 31 (base 5) to base 14.
12
Convert 2 (base 12) to base 8.
2
3 (base 13) to base 16
3
2 (base 13) to base 10
2
Convert -3 (base 15) to base 6.
-3
4 (base 12) to base 9
4
Convert -ce (base 16) to base 9.
-248
What is -3 (base 15) in base 12?
-3
8 (base 10) to base 2
1000
-1 (base 13) to base 8
-1
What is -f (base 16) in base 9?
-16
111 (base 2) to base 5
12
What is -1 (base 3) in base 14?
-1
-2 (base 9) to base 13
-2
What is -10 (base 2) in base 3?
-2
10 (base 4) to base 5
4
Convert 1110000 (base 2) to base 12.
94
Convert -100000000 (base 2) to base 3.
-100111
9 (base 16) to base 4
21
What is -2 (base 7) in base 16?
-2
Convert a0 (base 12) to base 7.
231
Convert -ba (base 13) to base 11.
-12a
Convert 24 (base 5) to base 8.
16
Convert -1040 (base 5) to base 12.
-101
What is 71 (base 8) in base 4?
321
Convert -234 (base 5) to base 16.
-45
Convert -41 (base 12) to base 16.
-31
Convert -1000 (base 3) to base 5.
-102
10013 (base 4) to base 3
100202
2 (base 3) to base 15
2
What is 2 (base 5) in base 8?
2
Convert -10 (base 3) to base 9.
-3
What is 21 (base 6) in base 4?
31
-a6 (base 12) to base 7
-240
What is 78 (base 13) in base 15?
69
Convert -3 (base 9) to base 8.
-3
-6 (base 10) to base 5
-11
Convert -5 (base 10) to base 16.
-5
Convert -27 (base 13) to base 7.
-45
What is -52 (base 16) in base 9?
-101
15 (base 12) to base 15
12
Convert -201 (base 3) to base 8.
-23
Convert 15 (base 9) to base 11.
13
1 (base 7) to base 11
1
Convert 171 (base 11) to base 13.
124
What is 21 (base 4) in base 5?
14
Convert 2 (base 6) to base 7.
2
3b (base 12) to base 5
142
Convert -4 (base 10) to base 8.
-4
1000111 (base 2) to base 14
51
-5a (base 12) to base 3
-2121
Convert 160 (base 9) to base 5.
1020
What is -5 (base 12) in base 16?
-5
330 (base 4) to base 3
2020
Convert 111 (base 9) to base 12.
77
37 (base 14) to base 3
1211
Convert -34 (base 9) to base 4.
-133
What is -322 (base 6) in base 14?
-8a
-11 (base 2) to base 12
-3
What is 324 (base 6) in base 4?
1330
Convert -a6 (base 13) to base 6.
-344
Convert 41 (base 5) to base 6.
33
Convert 4 (base 7) to base 6.
4
-315 (base 11) to base 13
-232
Convert -1 (base 10) to base 11.
-1
5 (base 12) to base 10
5
-8 (base 10) to base 11
-8
What is -12 (base 11) in base 5?
-23
What is -9 (base 16) in base 14?
-9
What is 15 (base 8) in base 16?
d
-4 (base 6) to base 15
-4
Convert 33 (base 9) to base 3.
1010
4 (base 11) to base 6
4
What is 48 (base 10) in base 6?
120
What is 13 (base 10) in base 16?
d
What is -12 (base 3) in base 4?
-11
What is 0 (base 13) in base 12?
0
2 (base 6) to base 10
2
Convert 3 (base 14) to base 8.
3
-102 (base 7) to base 3
-1220
Convert 112 (base 3) to base 9.
15
What is 3 (base 10) in base 4?
3
Convert 1100 (base 2) to base 4.
30
What is -116 (base 7) in base 16?
-3e
4 (base 8) to base 16
4
3 (base 8) to base 3
10
What is 8b (base 12) in base 10?
107
-2 (base 14) to base 15
-2
What is -16 (base 16) in base 9?
-24
Convert -243 (base 8) to base 16.
-a3
Convert -2 (base 6) to base 8.
-2
Convert -21 (base 15) to base 7.
-43
Convert -24 (base 11) to base 4.
-122
Convert 57 (base 15) to base 13.
64
What is -1 (base 12) in base 16?
-1
What is 1 (base 14) in base 10?
1
-6 (base 11) to base 9
-6
52 (base 15) to base 10
77
-16 (base 16) to base 14
-18
28 (base 11) to base 7
42
-20 (base 15) to base 10
-30
-121 (base 12) to base 8
-251
-1 (base 4) to base 8
-1
Convert 50 (base 6) to base 4.
132
Convert -142 (base 5) to base 2.
-101111
Convert 100 (base 10) to base 8.
144
-133 (base 4) to base 13
-25
Convert -1221 (base 4) to base 13.
-81
5 (base 11) to base 7
5
-13 (base 7) to base 5
-20
Convert -e2 (base 16) to base 3.
-22101
Convert -4 (base 14) to base 7.
-4
What is 21 (base 3) in base 10?
7
What is 85 (base 10) in base 11?
78
What is 2102 (base 4) in base 13?
b3
What is 455 (base 6) in base 9?
218
Convert -14 (base 15) to base 3.
-201
-5 (base 9) to base 12
-5
Convert 8c (base 14) to base 11.
103
-8 (base 14) to base 4
-20
What is 5 (base 7) in base 5?
10
-32 (base 6) to base 7
-26
Convert 3 (base 12) to base 11.
3
What is -14 (base 16) in base 14?
-16
What is -21 (base 3) in base 4?
-13
10 (base 8) to base 11
8
What is 3 (base 12) in base 15?
3
Convert a (base 11) to base 9.
11
Convert -10202 (base 3) to base 2.
-1100101
What is -1000 (base 2) in base 15?
-8
240 (base 8) to base 9
187
Convert -5 (base 8) to base 5.
-10
-185 (base 10) to base 12
-135
What is -2 (base 10) in base 7?
-2
Convert 21 (base 8) to base 14.
13
What is a0 (base 15) in base 10?
150
Convert -11 (base 11) to base 5.
-22
What is -27 (base 12) in base 3?
-1011
1 (base 11) to base 6
1
Convert -11 (base 5) to base 15.
-6
1 (base 13) to base 11
1
Convert -43 (base 7) to base 3.
-1011
Convert -2 (base 9) to base 14.
-2
-1120 (base 3) to base 4
-222
What is 47 (base 16) in base 2?
1000111
85 (base 11) to base 5
333
-113 (base 4) to base 7
-32
Convert 72 (base 11) to base 10.
79
What is 8 (base 13) in base 10?
8
1101101 (base 2) to base 4
1231
What is -112 (base 5) in base 10?
-32
What is 50 (base 9) in base 7?
63
What is 1102 (base 5) in base 9?
178
Convert 306 (base 9) to base 3.
100020
-33 (base 15) to base 10
-48
Convert 6 (base 15) to base 14.
6
Convert -33 (base 10) to base 16.
-21
-100 (base 2) to base 16
-4
Convert 208 (base 10) to base 13.
130
Convert -2 (base 3) to base 4.
-2
Convert 20001 (base 3) to base 16.
a3
What is -144 (base 7) in base 4?
-1101
15 (base 7) to base 5
22
What is 21 (base 6) in base 9?
14
12 (base 7) to base 10
9
-8 (base 16) to base 12
-8
What is 1010 (base 2) in base 7?
13
24 (base 8) to base 3
202
2 (base 5) to base 11
2
Convert 11 (base 6) to base 13.
7
What is 2 (base 5) in base 11?
2
11001 (base 2) to base 8
31
What is -b6 (base 14) in base 6?
-424
10011 (base 2) to base 4
103
Convert -2 (base 9) to base 3.
-2
Convert 45 (base 14) to base 6.
141
-97 (base 16) to base 6
-411
-4 (base 13) to base 9
-4
Convert -6d (base 15) to base 11.
-94
-54 (base 6) to base 3
-1021
What is -23 (base 6) in base 7?
-21
-112 (base 4) to base 10
-22
What is -10 (base 16) in base 8?
-20
-342 (base 5) to base 8
-141
-c (base 13) to base 15
-c
Convert -26 (base 15) to base 8.
-44
What is 5 (base 6) in base 15?
5
Convert 233 (base 5) to base 9.
75
What is 3 (base 11) in base 8?
3
Convert 14 (base 15) to base 3.
201
What is 0 (base 8) in base 4?
0
12 (base 10) to base 4
30
Convert 0 (base 7) to base 11.
0
1 (base 8) to base 2
1
-10 (base 2) to base 6
-2
What is 12 (base 4) in base 9?
6
3 (base 13) to base 11
3
36 (base 10) to base 2
100100
-3a (base 14) to base 9
-57
What is -5 (base 16) in base 10?
-5
Convert 2 (base 16) to base 11.
2
306 (base 9) to base 5
1444
36 (base 10) to base 6
100
What is -3 (base 9) in base 4?
-3
What is -3 (base 13) in base 3?
-10
What is -20 (base 14) in base 6?
-44
Convert 13 (base 6) to base 8.
11
Convert 11 (base 4) to base 6.
5
What is -c (base 15) in base 16?
-c
-9 (base 13) to base 9
-10
What is 4 (base 10) in base 4?
10
What is 0 (base 9) in base 4?
0
-5 (base 13) to base 16
-5
What is 112 (base 9) in base 5?
332
Convert -14 (base 14) to base 8.
-22
Convert -3 (base 8) to base 6.
-3
-514 (base 7) to base 8
-400
3 (base 15) to base 9
3
1 (base 10) to base 9
1
What is -ee (base 15) in base 2?
-11100000
-2 (base 5) to base 4
-2
-143 (base 5) to base 2
-110000
What is -2413 (base 5) in base 4?
-11212
What is 12 (base 4) in base 11?
6
Convert -1 (base 16) to base 3.
-1
Convert -14 (base 9) to base 16.
-d
What is 40 (base 7) in base 2?
11100
What is -4 (base 6) in base 2?
-100
0 (base 16) to base 2
0
Convert 18 (base 13) to base 5.
41
-1 (base 5) to base 2
-1
Convert -1 (base 10) to base 13.
-1
-1 (base 12) to base 16
-1
What is 21 (base 5) in base 2?
1011
Convert -3 (base 15) to base 14.
-3
-34 (base 5) to base 3
-201
-2 (base 3) to base 10
-2
21 (base 4) to base 2
1001
What is 3 (base 6) in base 15?
3
244 (base 7) to base 9
154
1010110 (base 2) to base 14
62
What is 19 (base 14) in base 4?
113
-192 (base 12) to base 4
-3332
What is -10011 (base 2) in base 15?
-14
What is 52 (base 7) in base 2?
100101
What is 432 (base 6) in base 13?
c8
What is 2a (base 13) in base 16?
24
9 (base 13) to 